o?
1
Suppose -30683730 = -1128*l + 351*l. What is the thousands digit of l?
9
Let o = 3623 - -5227. What is the tens digit of o?
5
What is the units digit of -1*((-11198)/4)/(16/(-32))*-9?
1
Suppose -166*k = -160*k + 888. What is the hundreds digit of 3932*(k/(-16) - 9)?
9
Let l be 2/(-10) - 192/(-10). Suppose -l*o = 2267 - 6352. What is the units digit of o?
5
Suppose -6*k - 4456 = -1684. What is the tens digit of ((-1406)/(-6))/((-11)/k*14)?
0
Let a(o) = 15*o**2 + o. Let y be a(-1). Let v be (-7)/(-7) - 84/(-2). Suppose -v = -y*k + 181. What is the units digit of k?
6
Suppose 2*h + h + 2577 = 0. Let y = h - -1590. What is the tens digit of y?
3
Let g be 28/42 + (-1)/((-3)/7). Suppose g*n + 2 = -7, -n = -3*u + 183. What is the tens digit of (416/(-64))/(1 + (-62)/u)?
9
Let f = -2379 + 2382. Let t(d) = d**3 + 15*d**2 - 2*d + 6. Let k be t(-7). Suppose -f*w - k = -7*w. What is the tens digit of w?
0
What is the hundreds digit of 13 + 206739/13 + -22?
8
Let y(o) = o**3 - 6*o**2 - 34*o + 290. What is the units digit of y(10)?
0
Let t(z) = 4*z**2 - 91*z - 21. Let p be t(23). Let f(x) = 10*x**2 + 2*x. Let w be f(-5). Suppose s = -p*s + w. What is the units digit of s?
0
Let g(o) = -2*o**3 + 27*o**2 + 8. Let v be g(11). Let a = -326 + v. What is the hundreds digit of a?
2
Suppose -2*u = y + y - 18480, -9244 = -y - 2*u. What is the units digit of y?
6
Let b be (260/(-234))/(2/(-18)). Suppose -2898 = -b*w + 3*w. What is the units digit of w?
4
Suppose -86*u = 147*u - 4296986. What is the units digit of u?
2
Let h be (-7)/70*5*(-1 + 1). Let j = 92 + -56. Let k = j - h. What is the tens digit of k?
3
Let y be 8/6*90/12. What is the hundreds digit of y/4*2058/15?
3
Let h = -1936 - -304. What is the hundreds digit of h/(-9)*(-3 + 105/20)?
4
Suppose -4320870 + 862246 = -151*n - 57*n. What is the thousands digit of n?
6
Suppose -586*y + 579*y = -50204. What is the tens digit of y?
7
Let c(t) = 71*t - 1. Let k be c(-1). Suppose -o = -4*d - 17, 11*o - 7 = 15*o - d. What is the tens digit of (3/6)/(o/k)?
1
Suppose -19*x = -22*x - 5*m + 24313, -4*m = -3*x + 24376. What is the units digit of x?
6
Let m(q) = -1358*q - 495. What is the units digit of m(-8)?
9
What is the units digit of (-5)/(-2) + 2 + 184/(-16) + 12452?
5
Let d(j) = 381*j + 13. Let y be d(2). Suppose 8*z - 1160 = -3*x + 12*z, 0 = 2*x - z - y. What is the hundreds digit of x?
3
Suppose 2*f + 4*a - 6 = 4*f, -5*f = 2*a - 21. Suppose 9*i = -f*i - 72. What is the tens digit of -1 + (-2007)/(-21) + i/(-14)?
9
Let h(n) = 58*n**2 + 714*n + 1. What is the thousands digit of h(-25)?
8
Suppose 25*n - 702 = 7*n. What is the tens digit of 860/15 + 65/n?
5
Suppose 0 = 2*p - p - 1. Let j be ((-15)/(-20))/(p - 3/4). What is the tens digit of 222/(-9)*-6 - j?
4
Suppose -9610 = -278*h + 273*h. What is the units digit of h?
2
What is the tens digit of 102/17*(2 - 12373)*6/(-12)?
1
Suppose 3*c + m - 2 - 2 = 0, 5*c - 2 = -4*m. Suppose -6*i = c*i - 72. Suppose 0*a + 261 = i*a. What is the units digit of a?
9
Let k(p) = -p**2 - p**2 - 27*p + 14*p - 8 + p**2. Let n be k(-12). Suppose -y + 67 = 4*o, n*o = y - 25 - 10. What is the tens digit of y?
5
What is the ten thousands digit of 2037742/63 + -20*(-2)/(-36)?
3
Suppose 0 = -4*j + 4, 5*j + 673 = 3*c + 288. Let l = 126 - 222. Let d = l + c. What is the tens digit of d?
3
Let o(b) = -125*b + 2. Let v be o(-8). Let m = 31 + v. What is the units digit of m?
3
Let d = -8493 - -12350. What is the thousands digit of d?
3
Suppose 0 = 8*z - 4096 - 6000. Let v = -606 + z. What is the tens digit of v?
5
Let h(c) be the third derivative of 0 + 0*c + 5/24*c**4 + 1/3*c**3 + 16*c**2 + 1/60*c**5. What is the tens digit of h(7)?
8
Let v be 1/(14/4) - 3100/(-175). Let g be (3*12/v)/((-2)/37). Let b = -7 - g. What is the tens digit of b?
3
Suppose 24*a + 19*a = 218354. Suppose 5*m + a + 62 = 4*j, 3*j - 3890 = -5*m. What is the hundreds digit of j?
2
Let b be (-302 + 0 - (-99)/(-66))*-52. Suppose -37*c + b = -24*c. What is the units digit of c?
4
Let h(f) = -3*f**2 + 49*f - 3. Let y be h(16). Suppose y*l - 558 = 4603. What is the tens digit of l?
9
Suppose 3*n + 2*q - 229 = 0, 3*n - 2*q + 74 = 307. Suppose 5*c - 433 = 3*a, a = c - 2*a - n. What is the units digit of c?
9
Let i = 596 + 17719. Suppose 63*s = 8*s + i. What is the tens digit of s?
3
Suppose -10*y - 9 = -7*y. Let r = y - -332. What is the tens digit of r?
2
Let h be 2*1/2*(-4 - 135). Let o = h + 545. What is the units digit of o?
6
What is the hundreds digit of (259/74)/((-6)/(-828))?
4
Let c(o) = 701*o + 1010. What is the tens digit of c(11)?
2
Suppose 968 = -2*r + 4*y, -5*r + 2*y - 1517 = 863. Let i = r - -1029. What is the units digit of i?
5
Let a be 0*(3 - 6/3). Let o = 22 + a. Let x = 55 - o. What is the units digit of x?
3
Let t = 10 + 22. Let b = t - 46. What is the units digit of (-18)/(-7)*b/(-4)?
9
Let o = -209031 - -60091. What is the hundreds digit of o/(-275) + (-3)/5?
5
What is the units digit of 21352/6*(-284 - -287)?
6
Suppose 3*m - 28565 = -26*m. What is the hundreds digit of (-8)/(-20) + (-48)/20 + m?
9
What is the ten thousands digit of (25*(0 - 1))/(199/(-151041))?
1
Let b be (-16)/1 + -3 + (-5 - -8). What is the tens digit of ((-8)/2)/(1/b)?
6
Suppose -15733 = 50*y - 51*y + 3*x, -4*y + 62950 = -3*x. What is the tens digit of y?
3
Suppose 340*u = 341*u + 1. What is the units digit of 51*(152/6)/((-2)/u)?
6
Suppose -45 = 9*s + 18. Let p be -4 - s - (-7 + -1). Suppose p*j = 6*j + 55. What is the units digit of j?
1
Let s be 12/(-2) - (-16109 + 7/(-1)). Suppose 29*c - 21590 = s. What is the hundreds digit of c?
3
Suppose 2 + 34 = 4*p. Let u be (2/(-4))/(1/(-6)) - -705. Suppose 4*z + 4*s - u = 0, -11*z = -p*z - 4*s - 360. What is the units digit of z?
8
What is the units digit of (1192/6)/((-126)/(-4347))?
4
Let n be ((12 - 6)/18)/((-2)/(-114)). Suppose 24*h - 25 = n*h. Suppose 2*a - 117 - 151 = -h*g, 0 = -4*a + 4*g + 592. What is the hundreds digit of a?
1
Suppose -3*v + 1 = -5. Suppose 20 = 9*n - 4*n. Suppose v*o + 2*a = 36 + n, -5*o + 90 = 3*a. What is the tens digit of o?
1
Suppose 9951 = -9*o + 59576 + 41842. What is the hundreds digit of o?
1
Let c be (0 - 3 - (24 + -703))/1. Suppose 2*f - 3*k - c = 0, -3*f + 1014 = -13*k + 11*k. What is the hundreds digit of f?
3
Suppose 0*n = 8*n - 912. Let z = n + -110. Suppose 8*p = -z*p + 2460. What is the tens digit of p?
0
Let n(u) = u**3 - 10*u**2 + 23*u. Let y be n(10). Suppose -3*m = 3*s - 208 - y, 161 = s - 2*m. What is the tens digit of s?
5
Suppose -5*w = -2 - 13. Let m be (2/w)/(3/729). Let s = 235 - m. What is the tens digit of s?
7
Let d = 160 - -86. Let v = d - -397. What is the hundreds digit of v?
6
Let j(t) = 8*t**2 + 20 + 12 - 26 - 2*t. What is the tens digit of j(2)?
3
Let i = 71869 - 39073. What is the hundreds digit of i?
7
Suppose 5*d + 475 = x, -3*x + 5*d + 1915 = x. Suppose -24*l + x = -19*l. What is the units digit of l?
6
Let n be 165788/60 - 18/135. Let l = n + -1099. What is the hundreds digit of l?
6
Suppose f - 466*i + 465*i = 6989, 6*i = 3*f - 20964. What is the tens digit of f?
9
Let k = 255 - 524. Let q(t) = 2*t**2 + 48*t + 22. Let f be q(-19). Let o = f - k. What is the units digit of o?
1
Let b be 3 + (2 + -3 - -253654). What is the tens digit of (1/(-4 + 1))/((-156)/b)?
4
Let z(w) = -1092*w**3 + 2*w**2 + 56*w + 5. What is the hundreds digit of z(-4)?
7
Suppose 22269 + 40555 = 2*r - 5*w, 2*w - 157060 = -5*r. What is the hundreds digit of r?
4
Let h(z) = z**2 - 4*z + 2. Let y be h(4). Let v be -38 + 0 + (-8)/y. Let w = 108 + v. What is the units digit of w?
6
Let m = -561 + 564. Suppose 158*k + m*q = 161*k - 4905, 0 = -3*k + 5*q + 4903. What is the units digit of k?
6
Let v(n) = -1847*n + 663. What is the tens digit of v(-10)?
3
Let b be -1*(4/(-10))/(2/70). Let m = b - 9. Suppose m*z - z = 200. What is the units digit of z?
0
Suppose -31*f - 256064 = -95*f. What is the hundreds digit of f?
0
Let u = 8906 + -6485. What is the units digit of u?
1
Let d be 0 - 0 - (-20)/(-9 - -19). What is the hundreds digit of d/16*6 - (-15615)/60?
2
Let g(y) = -y**2 - 16*y + 11. Let m(d) = d**3 + d - 12. Let w be m(0). Let q be g(w). Suppose 56*v - q*v = -213. What is the tens digit of v?
7
Suppose -598 = u - 825. Let z = 474 - u. What is the units